et u = j - o. What is p(u)?
7
Let d = 54 - 58. Let o(x) = x**3 + 6*x**2 + 4*x - 1. Let a be o(-5). Let k(s) = 0*s**2 + 5*s**2 - 4 - 4*s**2 + a*s. Give k(d).
-4
Let b(l) = -l - 13. Let a(z) = -z - 12. Let o(d) = -3*a(d) + 2*b(d). What is o(-6)?
4
Let r(u) = -u + 1. Suppose 2*p = -2 - 0. Let w(d) = 12. Let f(o) = p*w(o) + 12*r(o). What is f(1)?
-12
Let j(y) = -y + 2*y + 0*y - 2. Let c(d) be the first derivative of 2*d**3/3 - 5*d**2 - 6*d + 9. Let k be c(5). Calculate j(k).
-8
Let v(o) = o**3 - o**2 - o - 17. Let j = 511 + -510. Suppose 18 = 3*p - p. Let b be (-9 + p)*j/2. Determine v(b).
-17
Let z(x) be the third derivative of x**6/120 + x**5/10 - 3*x**4/8 - 5*x**3/2 - 2*x**2 + 90*x. Give z(-7).
-1
Let a(b) = -b**2 - 6*b - 6. Suppose -6*q + 425 = 437. Give a(q).
2
Let p(h) = -101*h - 3 + 108*h - 2. Calculate p(5).
30
Let l(o) = -o**3 - 4*o**2 - o - 4. Let h be l(-4). Let j(k) = 10 + 0 + 0 + h + k. Calculate j(-5).
5
Let v = -18 - -21. Let u be 2 - (-4 + 4/(-4) + v). Let d(i) = i**2 - 5*i - 2. Calculate d(u).
-6
Let l(v) = v**3 - 6*v**2 + 6*v - 12. Let t be ((-55)/(-4))/(-11)*(-4)/1. Let j be l(t). Let r(s) = s**2 + 6*s - 10. What is r(j)?
-3
Let k(o) be the first derivative of -o**4/4 + 5*o**3/3 - o**2 - 3*o - 133. Determine k(4).
5
Suppose -3*f = -3*z + 39, 96*z - 10 = 95*z - 2*f. Let t(n) = n**3 - 12*n**2 - n + 27. What is t(z)?
15
Suppose 4*o = -53 - 11. Let r be 6 - 0 - (o - -14). Let j(k) = -14 - k**3 + r + 10*k**2 - 4*k**2 + k. What is j(6)?
0
Let r(h) be the second derivative of 0 - 3/2*h**3 - 9*h - 2*h**2 - 1/12*h**4. Calculate r(-6).
14
Let g(b) = 9 + 8 + b + 0 + 0*b. Calculate g(-11).
6
Suppose 2*y = -3*y. Let x = -109 + 113. Let k(s) = 4 + 3*s - 10 - 5 - x*s. Calculate k(y).
-11
Let m(r) be the second derivative of 0 + r**2 + 1/20*r**5 + 25*r + 0*r**4 - 1/6*r**3. What is m(-2)?
-4
Let m be 1/(-3) - (-11)/(-3). Let q(l) = 5*l - 8. Let d(c) = 14*c - 23. Let b(s) = 6*d(s) - 17*q(s). Give b(m).
2
Let o(f) = f - 8. Let w(t) = 11 - 5 + 2. Let z(g) = -2*o(g) - 3*w(g). Let n = -5 + -1. Calculate z(n).
4
Let m(h) = 3*h - 14. Suppose -46*k = -79*k + 198. Calculate m(k).
4
Let q(j) = -j**3 - 11*j**2 + 183*j - 16. Let a be q(9). Let o(t) = t**2 - 10*t - 25. What is o(a)?
-14
Let i = -7 + 13. Let a be 9/3 + (-2 - i). Let s(t) = t**3 + 5*t**2 + 2*t - 2. Give s(a).
-12
Let m be (-129)/(-15) - (-21)/(-35). Let l(j) = -j**3 + 7*j**2 + 6*j + 11. Calculate l(m).
-5
Suppose 2*d + d = 6. Suppose -2*a + 19*a = 102. Suppose -4*f + 16 = q, -a*f + 16 = -d*f + 3*q. Let h(x) = -x**3 + 4*x**2 + x + 2. Calculate h(f).
6
Suppose -6*q + 5*q = -5. Suppose -q*k + 3 = 3*f - f, 3*f = 2*k + 14. Let x(d) = d + 4. What is x(f)?
8
Let z be (-20)/(-100) + (-9)/(-5). Let c(k) = 4*k + 5*k**2 - 4 - 5*k**z + 3*k**2 - 2*k**2. Determine c(-6).
8
Let o = -19/3 - -41/6. Let v(u) be the second derivative of -3*u - 1/6*u**3 + 0 - 1/12*u**4 + o*u**2. Calculate v(0).
1
Let s(d) = -d**2 + 0*d**2 - 13 + 2*d + 5 + 4 + 6. Give s(3).
-1
Let h(l) = 4 - 16*l - 17 + 15*l - 3 + 6. Give h(-15).
5
Let c(q) = q**2 + 5*q - 8. Let f be c(4). Suppose 2*p - f = 6*p. Let r(x) = x**2 + 6*x - 8. Give r(p).
-1
Let t(o) = -o**2 - 3*o - 5. Let l = -45 + 49. Determine t(l).
-33
Let q(p) = -2*p**2 - 3*p + 1. Let f(n) = -10*n**2 - 16*n + 5. Suppose -m - 9 + 20 = 0. Let c(g) = m*q(g) - 2*f(g). Determine c(1).
-2
Let w(l) = 13*l**2. Let c(r) = 7*r - 20. Let x(n) = -10*n + 30. Let q(d) = 7*c(d) + 5*x(d). Let p be q(11). Give w(p).
13
Let v(t) = 5*t - 3. Let b(l) = -4*l + 2. Let j(o) = -o**3 + 5*o**2 - 3*o - 8. Let y be j(4). Let z(w) = y*b(w) - 3*v(w). What is z(6)?
7
Let w(p) be the third derivative of -p**8/840 + p**7/1260 - p**5/120 + 11*p**4/12 + 5*p**2 + 3*p. Let m(v) be the second derivative of w(v). Give m(-1).
9
Let o(v) be the first derivative of v**2/2 - 20*v + 153. Calculate o(6).
-14
Let d(q) = -2*q**2 - 2*q. Let a be (18/(-27))/(35/(-33) + 1). Suppose a*p = 10*p - 2. Determine d(p).
-4
Let g(h) be the third derivative of 1/24*h**4 + 1/6*h**3 + 2*h**2 - 1/12*h**5 + 0 + 0*h. Let c be 5 - (5 + (8 - (-2 - -9))). What is g(c)?
-5
Let j(t) = -8*t**3 + t**2 - 1. Suppose -x - 4*i = -3*x + 58, 0 = -4*x - 4*i + 128. Let y = -32 + x. Determine j(y).
8
Let w(b) = -2*b - 3. Let x be -1*5/10*6. Let p(o) = 2*o + 10. Let n be p(x). Suppose 3*i = -2*v + 2 - 3, 3*v = -n*i - 3. Give w(v).
7
Suppose 3*t - 15 = -2*t. Let b(l) = 1 + 6*l - 7*l**2 + 0*l**2 - 5*l - 2*l - l**t. Determine b(-7).
8
Let n(y) = -2*y**2 - 4*y + 3. Let z(m) = -m**2 - 2*m + 2. Let a(r) = -3*n(r) + 5*z(r). Let i(s) = -s. Let b(o) = -a(o) - 2*i(o). What is b(-3)?
-10
Let u(j) = 19*j + 1. Let b = 1170 + -1169. Calculate u(b).
20
Let g(x) be the second derivative of -4*x**3/3 + 4*x + 4. What is g(1)?
-8
Suppose -3*m = 4*a - 0*m - 45, 5*m + 85 = 4*a. Suppose 3*g - a = -0. Suppose 0 = 2*n - g*n - 15. Let c(i) = i**2 + 6*i - 5. Calculate c(n).
-10
Let y = 3 - -2. Suppose y*x + 6 = 21. Let t(c) = -3*c**2 + 3*c**x + 2*c - 4*c**3 + 0*c. Calculate t(-4).
8
Let p(u) = 3 + 6*u + 2 - u**2 - 2. Let x(z) = -z**3 + 11*z**2 - 2*z + 26. Let r be x(11). Suppose 26 = r*j + 6. Determine p(j).
8
Let x be (-4)/(-6) + (-6)/(-18). Suppose m = -x + 8. Let g(t) = t + 3. Determine g(m).
10
Let d be 78/(-14) - (-48)/(-112). Let w be (3/2)/(3/d). Let y(n) = -n**3 - 5*n**2 - 5*n - 4. Determine y(w).
-7
Let x(z) be the first derivative of -z**2/2 + 2*z - 44. Let u = 11 - 4. Determine x(u).
-5
Let y(h) = -h**3 + 5*h**2 - h + 7. Let p(u) = -u**2 - 18*u + 11. Let d be p(-18). Suppose 0 = -2*k - z + d, -z - 1 - 3 = -k. Determine y(k).
2
Let s be -1 + ((-72)/3)/(-2). Let l(o) be the first derivative of o**3/3 - 5*o**2 - 16*o + 135. Calculate l(s).
-5
Let d(j) = -10 + 19 + j**3 + 4*j - 3*j**2 - 15 + 11. What is d(4)?
37
Suppose 0*b = b. Suppose b*t + 9 = t. Suppose 3*f + 24 = -2*k, 4*f + 0*f - 5*k + t = 0. Let w(y) = y**3 + 5*y**2 - 7*y - 3. Determine w(f).
3
Let b(m) = -m**3 - 7*m**2 - 6*m - 2. Let v = 7 + -4. Suppose -v*o + 12 = -o. Suppose -7*u = -6*u + o. Give b(u).
-2
Let k(h) be the third derivative of 2*h**4/3 + h**3/2 - 5*h**2 - 15*h. Determine k(-3).
-45
Let l(s) = 3*s - 12. Let g(h) = 21 - 2*h - 4 - 9. Let v(y) = 7*g(y) + 5*l(y). Determine v(-5).
-9
Suppose 0 = -2*s + 5*h - 16, 0*s - 5 = 5*s + 5*h. Let n be 12/16*(1 - s). Let t(l) = -l + n*l + 2 - 4. Give t(-2).
-6
Let m be (2/6*2)/((-8)/(-36)). Suppose -3*c - n = -19, -c - 4*n = m*c - 28. Let o(v) = -v**3 + 7*v**2 - 9*v + 6. Give o(c).
-12
Let r(z) be the first derivative of -z**7/420 + z**6/360 - z**5/30 + z**4/8 + z**3/3 - 13*z**2 + 30. Let q(v) be the third derivative of r(v). Calculate q(2).
-17
Let m(w) = 13*w**2 - 1. Suppose 96 = -4*s + d, 0 = -4*d + 3*d + 4. Let g = s - -23. Suppose g = 5*l - 7 + 2. What is m(l)?
12
Let k(y) = -4 + 4 + y + 3. Let v be ((-4)/6)/((12/(-135))/2). Let q(x) = -2*x**2 + 30*x. Let s be q(v). What is k(s)?
3
Let z(i) = -i**2. Let x(s) = 22 - 40 + 19. Let n(l) = -3*x(l) + z(l). Calculate n(4).
-19
Let z(u) = -u**2 + u + 26. Suppose 0 = 8*n + 125 - 85. What is z(n)?
-4
Let f(g) = -17 - g + 3*g - 3*g. Let a(n) = -157*n - 2366. Let o be a(-15). What is f(o)?
-6
Let l(y) be the first derivative of -7*y**2/2 - y + 52. Suppose -6 = -2*h, 4*s + 3*h + 16 = 7*h. What is l(s)?
6
Suppose -8 + 7 = l - 3*k, -4*l - 5*k = 4. Let j(o) = -10*o**3 - o**2 + 2*o + 3. Calculate j(l).
10
Let u(i) = 2*i - 19. Let q(a) = -8*a + 67. Let b(f) = -4*f + 34. Let t(s) = 7*b(s) - 3*q(s). Let n(z) = 6*t(z) + 11*u(z). What is n(10)?
-7
Let v(c) be the first derivative of 3*c**3 + c + 285. Calculate v(1).
10
Let k(j) = 5*j**2 + 8*j + 4. Let x(q) = -6*q**2 - 9*q - 4. Let n(u) = 5*k(u) + 4*x(u). Suppose -2*w + 8*m = 4*m + 24, -3*m + 24 = -3*w. What is n(w)?
4
Let w(k) = -6*k + 2 + k + 1. Let g = -5610 - -5612. Determine w(g).
-7
Let d(x) = -x - 1. Let o = 10 + -16. Determine d(o).
5
Let d(l) = -4*l + 86. Let a be d(21). Let w(x) = 18*x - 2. Give w(a).
34
Let y = 17 - 25. Let h be (-3 + (-20)/(-8))*y. Suppose -h*v + 8 = -0. Let f(d) = 6*d - 1. What is f(v)?
11
Let a(v) = -3*v**2 + 4*v - 1. Let q(i) = -4*i**2 + 5*i - 1. Let l(y) = 5*a(y) - 4*q(y). Determine l(-2).
3
Let l(o) be the second derivative of o**3/6 - 6*o**2 - 297*o. Give l(16).
4
Let j(u) = u**3 + 6*u**2 + 2*u + 6. Suppose -9*f - 5 = -4*f. Let q(r) = -6*r**2 + 6*r + 